mainder when 15121 is divided by 15097.
24
Calculate the remainder when 166486 is divided by 991.
989
What is the remainder when 28908 is divided by 140?
68
What is the remainder when 1995 is divided by 798?
399
What is the remainder when 2273 is divided by 108?
5
What is the remainder when 27027 is divided by 436?
431
What is the remainder when 279353 is divided by 208?
9
What is the remainder when 146769 is divided by 25?
19
Calculate the remainder when 7083216 is divided by 209.
206
What is the remainder when 29617 is divided by 59?
58
Calculate the remainder when 3702 is divided by 37.
2
What is the remainder when 51200 is divided by 9?
8
What is the remainder when 57877 is divided by 48?
37
What is the remainder when 99336 is divided by 23?
22
What is the remainder when 9812 is divided by 1959?
17
Calculate the remainder when 7697 is divided by 35.
32
Calculate the remainder when 160961 is divided by 649.
9
Calculate the remainder when 596583 is divided by 154.
141
What is the remainder when 15956 is divided by 57?
53
Calculate the remainder when 8010 is divided by 250.
10
What is the remainder when 306721 is divided by 22?
19
What is the remainder when 37046 is divided by 44?
42
Calculate the remainder when 1318624 is divided by 685.
684
Calculate the remainder when 51000 is divided by 2.
0
Calculate the remainder when 3177 is divided by 635.
2
What is the remainder when 6247 is divided by 5666?
581
Calculate the remainder when 23901 is divided by 66.
9
What is the remainder when 447557 is divided by 668?
665
What is the remainder when 30813 is divided by 9?
6
Calculate the remainder when 55742 is divided by 2064.
14
Calculate the remainder when 10898 is divided by 544.
18
Calculate the remainder when 5202 is divided by 143.
54
Calculate the remainder when 39259 is divided by 4333.
262
Calculate the remainder when 7508 is divided by 8.
4
Calculate the remainder when 4711 is divided by 1436.
403
Calculate the remainder when 34051 is divided by 6756.
271
What is the remainder when 2406 is divided by 440?
206
What is the remainder when 592 is divided by 147?
4
What is the remainder when 820862 is divided by 1227?
1226
What is the remainder when 2911284 is divided by 99?
90
Calculate the remainder when 15460 is divided by 120.
100
What is the remainder when 265634 is divided by 53?
51
Calculate the remainder when 6707 is divided by 129.
128
What is the remainder when 16407 is divided by 927?
648
What is the remainder when 1650 is divided by 545?
15
What is the remainder when 544800 is divided by 75?
0
What is the remainder when 5017 is divided by 9?
4
What is the remainder when 16638 is divided by 16609?
29
What is the remainder when 955 is divided by 462?
31
What is the remainder when 11968 is divided by 700?
68
Calculate the remainder when 53710 is divided by 502.
498
Calculate the remainder when 5839 is divided by 964.
55
What is the remainder when 41722 is divided by 42?
16
What is the remainder when 150696 is divided by 548?
544
What is the remainder when 179058 is divided by 14?
12
What is the remainder when 47499 is divided by 1979?
3
Calculate the remainder when 3162 is divided by 9.
3
Calculate the remainder when 52441 is divided by 6.
1
Calculate the remainder when 521877 is divided by 40.
37
Calculate the remainder when 6735627 is divided by 15.
12
Calculate the remainder when 29861 is divided by 711.
710
What is the remainder when 92540 is divided by 243?
200
What is the remainder when 231 is divided by 140?
91
What is the remainder when 4597 is divided by 50?
47
Calculate the remainder when 4190 is divided by 698.
2
Calculate the remainder when 7838 is divided by 31.
26
Calculate the remainder when 3524 is divided by 41.
39
Calculate the remainder when 1755 is divided by 179.
144
What is the remainder when 2373 is divided by 280?
133
What is the remainder when 118200 is divided by 47?
42
What is the remainder when 114201 is divided by 878?
61
What is the remainder when 15625 is divided by 6?
1
What is the remainder when 367133 is divided by 1335?
8
Calculate the remainder when 10925 is divided by 90.
35
What is the remainder when 23885 is divided by 7946?
47
Calculate the remainder when 768 is divided by 524.
244
What is the remainder when 38160 is divided by 887?
19
What is the remainder when 10300 is divided by 1465?
45
What is the remainder when 74564 is divided by 8?
4
What is the remainder when 3460 is divided by 109?
81
Calculate the remainder when 4975 is divided by 13.
9
Calculate the remainder when 61177 is divided by 230.
227
What is the remainder when 1322654 is divided by 1119?
1115
Calculate the remainder when 93036 is divided by 2215.
6
What is the remainder when 1691 is divided by 1687?
4
Calculate the remainder when 708491 is divided by 447.
443
What is the remainder when 42475 is divided by 147?
139
Calculate the remainder when 15951 is divided by 831.
162
Calculate the remainder when 138841 is divided by 49.
24
What is the remainder when 2727 is divided by 177?
72
What is the remainder when 10530 is divided by 1494?
72
Calculate the remainder when 3233 is divided by 558.
443
What is the remainder when 64572 is divided by 270?
42
Calculate the remainder when 27299 is divided by 52.
51
Calculate the remainder when 56501 is divided by 38.
33
Calculate the remainder when 33765 is divided by 16796.
173
Calculate the remainder when 322654 is divided by 32.
30
Calculate the remainder when 3096 is divided by 1491.
114
Calculate the remainder when 64578 is divided by 96.
66
What is the remainder when 1225 is divided by 83?
63
Calculate the remainder when 5253 is divided by 2602.
49
Calculate the remainder when 1627 is divided by 330.
307
Calculate the remainder when 1535 is divided by 379.
19
Calculate the remainder when 2325 is divided by 24.
21
What is the remainder when 11261 is divided by 804?
5
Calculate the remainder when 455477 is divided by 236.
233
What is the remainder when 8841 is divided by 1608?
801
What is the remainder when 20495 is divided by 758?
29
Calculate the remainder when 775689 is divided by 17.
13
What is the remainder when 2917 is divided by 445?
247
Calculate the remainder when 339 is divided by 146.
47
Calculate the remainder when 13192 is divided by 79.
78
What is the remainder when 412473 is divided by 5?
3
What is the remainder when 255 is divided by 151?
104
Calculate the remainder when 85992 is divided by 48.
24
What is the remainder when 395 is divided by 162?
71
What is the remainder when 1528 is divided by 685?
158
What is the remainder when 12557 is divided by 12541?
16
Calculate the remainder when 2345 is divided by 260.
5
What is the remainder when 1600 is divided by 322?
312
What is the remainder when 19644 is divided by 1504?
92
Calculate the remainder when 9646 is divided by 9621.
25
What is the remainder when 33246 is divided by 791?
24
What is the remainder when 2522 is divided by 807?
101
Calculate the remainder when 781 is divided by 765.
16
What is the remainder when 5296 is divided by 100?
96
Calculate the remainder when 542427 is divided by 180809.
0
What is the remainder when 5310 is divided by 144?
126
Calculate the remainder when 13587 is divided by 151.
148
Calculate the remainder when 14600653 is divided by 591.
589
Calculate the remainder when 362556 is divided by 51.
48
What is the remainder when 26529 is divided by 26?
9
Calculate the remainder when 141777 is divided by 31.
14
Calculate the remainder when 10217 is divided by 1274.
25
Calculate the remainder when 31447 is divided by 31441.
6
Calculate the remainder when 889 is divided by 220.
9
What is the remainder when 1279355 is divided by 278?
277
What is the remainder when 10992 is divided by 3664?
0
What is the remainder when 21249 is divided by 150?
99
What is the remainder when 8248 is divided by 93?
64
Calculate the remainder when 262949 is divided by 15.
14
What is the remainder when 195507 is divided by 237?
219
What is the remainder when 209706 is divided by 39?
3
Calculate the remainder when 1153 is divided by 372.
37
What is the remainder when 133 is divided by 69?
64
Calculate the remainder when 8487 is divided by 13.
11
What is the remainder when 6883 is divided by 494?
461
Calculate the remain